{"id":75,"date":"2011-10-02T13:07:35","date_gmt":"2011-10-02T11:07:35","guid":{"rendered":"http:\/\/lansesoleil.com\/WordPress3\/?page_id=75"},"modified":"2014-03-04T18:09:15","modified_gmt":"2014-03-04T17:09:15","slug":"contacts-2","status":"publish","type":"page","link":"https:\/\/lansesoleil.com\/?page_id=75","title":{"rendered":"Contacts"},"content":{"rendered":"<p>Galerie L&rsquo;Anse Soleil<br \/>\n61, avenue des Druides<br \/>\n56340 CARNAC<\/p>\n<p><a href=\"http:\/\/www.openstreetmap.org\/node\/2377210582#map=17\/47.57318\/-3.07415\" target=\"_blank\">Plan d&rsquo;acc\u00e8s<\/a><\/p>\n<p>T\u00e9l\u00e9phone : 06 47 96 10 73<\/p>\n<p>Courriel : <a href=\"mailto:contact@lansesoleil.com\">contact@lansesoleil.com<\/a><\/p>\n<p><a title=\"Mentions l\u00e9gales\" href=\"https:\/\/lansesoleil.com\/?page_id=380\">Mentions l\u00e9gales<\/a><\/p>\n","protected":false},"excerpt":{"rendered":"<p>Galerie L&rsquo;Anse Soleil 61, avenue des Druides 56340 CARNAC Plan d&rsquo;acc\u00e8s T\u00e9l\u00e9phone : 06 47 96 10 73 Courriel : contact@lansesoleil.com Mentions l\u00e9gales<\/p>\n","protected":false},"author":1,"featured_media":0,"parent":0,"menu_order":0,"comment_status":"closed","ping_status":"open","template":"","meta":[],"_links":{"self":[{"href":"https:\/\/lansesoleil.com\/index.php?rest_route=\/wp\/v2\/pages\/75"}],"collection":[{"href":"https:\/\/lansesoleil.com\/index.php?rest_route=\/wp\/v2\/pages"}],"about":[{"href":"https:\/\/lansesoleil.com\/index.php?rest_route=\/wp\/v2\/types\/page"}],"author":[{"embeddable":true,"href":"https:\/\/lansesoleil.com\/index.php?rest_route=\/wp\/v2\/users\/1"}],"replies":[{"embeddable":true,"href":"https:\/\/lansesoleil.com\/index.php?rest_route=%2Fwp%2Fv2%2Fcomments&post=75"}],"version-history":[{"count":14,"href":"https:\/\/lansesoleil.com\/index.php?rest_route=\/wp\/v2\/pages\/75\/revisions"}],"predecessor-version":[{"id":716,"href":"https:\/\/lansesoleil.com\/index.php?rest_route=\/wp\/v2\/pages\/75\/revisions\/716"}],"wp:attachment":[{"href":"https:\/\/lansesoleil.com\/index.php?rest_route=%2Fwp%2Fv2%2Fmedia&parent=75"}],"curies":[{"name":"wp","href":"https:\/\/api.w.org\/{rel}","templated":true}]}}